, what is 5 + -5431?
-5424
In base 2, what is -100 + -1010011?
-1010111
In base 4, what is -2 - -1112?
1110
In base 12, what is 0 - 226?
-226
In base 12, what is 15ba - 3?
15b7
In base 13, what is 8 + 13?
1b
In base 7, what is -201 - -2?
-166
In base 5, what is 2241 - 42?
2144
In base 6, what is -3 - 13012?
-13015
In base 15, what is 178e + -1?
178d
In base 2, what is 100 + 1000011101?
1000100001
In base 4, what is 0 - -11031?
11031
In base 11, what is 1a9 + -2?
1a7
In base 9, what is 7 - -16?
24
In base 13, what is 6c21 - 3?
6c1b
In base 7, what is -112 - -403?
261
In base 15, what is 18 + 4c0?
4d8
In base 11, what is 5 + -4a2?
-498
In base 9, what is 11 - -53?
64
In base 5, what is 232 + 2?
234
In base 4, what is -13 + 20?
1
In base 8, what is 4 + -321?
-315
In base 2, what is -1 + 1000100000?
1000011111
In base 8, what is 1 + 1001?
1002
In base 12, what is 5 - -729?
732
In base 3, what is 110121011 + -10?
110121001
In base 13, what is 159 - 21?
138
In base 16, what is -b0b + -5?
-b10
In base 4, what is -3023133 - -1?
-3023132
In base 5, what is -211111 - -10?
-211101
In base 15, what is -3 + de1?
ddd
In base 4, what is -1011312 - 1?
-1011313
In base 6, what is -5 + 342?
333
In base 13, what is 5 - -262?
267
In base 10, what is -44 + -11?
-55
In base 10, what is -447 - -2?
-445
In base 4, what is -2221 - -1?
-2220
In base 11, what is -1 + 7613?
7612
In base 2, what is 101 - 111111?
-111010
In base 5, what is -3434 + -10?
-3444
In base 11, what is 5 - 0?
5
In base 14, what is d - -33?
42
In base 12, what is 28 - 17?
11
In base 14, what is 12 - -9?
1b
In base 14, what is 4338 - 5?
4333
In base 2, what is 10111 + 1011011?
1110010
In base 5, what is -4 + -40414?
-40423
In base 5, what is -14130 + 103?
-14022
In base 5, what is -32200 + 0?
-32200
In base 8, what is -5 - 102?
-107
In base 11, what is -588a + 3?
-5887
In base 15, what is cc - -2?
ce
In base 8, what is 1122 + 5?
1127
In base 11, what is -12 - -45?
33
In base 13, what is -c - 25?
-34
In base 9, what is -103 + 4?
-88
In base 13, what is -a79 + -3?
-a7c
In base 15, what is 1 - -2eb?
2ec
In base 7, what is -22 - 52?
-104
In base 13, what is 33 - 2a?
6
In base 14, what is 3 - -12?
15
In base 15, what is -e1 - 2?
-e3
In base 12, what is -6 + -42?
-48
In base 14, what is 4 + -3d8?
-3d4
In base 4, what is 10 - 100103?
-100033
In base 15, what is 0 + 157?
157
In base 14, what is 492 + 2?
494
In base 7, what is 5 + 643?
651
In base 11, what is -3 - -45?
42
In base 6, what is 2503 + 11?
2514
In base 12, what is -3 - -35?
32
In base 9, what is 5 + -14?
-8
In base 12, what is -30 + 5?
-27
In base 11, what is 5 + -102?
-a8
In base 7, what is 431 + -2?
426
In base 12, what is 173 - -1?
174
In base 12, what is 236 - -19?
253
In base 5, what is 2 + 202?
204
In base 7, what is -306 + -13?
-322
In base 14, what is -1 + -287?
-288
In base 5, what is 4 - 10012?
-10003
In base 10, what is 663 + -5?
658
In base 12, what is 5 - 106?
-101
In base 10, what is 47 - -47?
94
In base 9, what is -16 + -376?
-403
In base 8, what is -30 - -45?
15
In base 6, what is -2 + 335?
333
In base 8, what is -25 + 225?
200
In base 5, what is -214 - -3?
-211
In base 7, what is -10 + 240?
230
In base 15, what is -87d + 1?
-87c
In base 9, what is -1 - -434?
433
In base 6, what is 0 - 5203?
-5203
In base 16, what is -2d + b?
-22
In base 14, what is -5 + cc4?
cbd
In base 12, what is b4 + 42?
136
In base 11, what is -4 - 132?
-136
In base 9, what is -634 - 14?
-648
In base 9, what is -37 + -82?
-130
In base 13, what is -71 + -71?
-112
In base 14, what is c - -9?
17
In base 7, what is 5 - -54?
62
In base 7, what is -442 - -42?
-400
In base 16, what is -ea1 - -2?
-e9f
In base 15, what is -577 + 6?
-571
In base 9, what is -2 + 17?
15
In base 15, what is -856 + d?
-848
In base 11, what is -297 + 1?
-296
In base 13, what is -3 + 18?
15
In base 14, what is -199 + -5?
-1a0
In base 16, what is -4 + -de?
-e2
In base 12, what is 4 - -538?
540
In base 15, what is -3 + 4?
1
In base 15, what is -1e - 2?
-21
In base 7, what is 54 - -20?
104
In base 9, what is -553 + 3?
-550
In base 15, what is -c - 30?
-3c
In base 10, what is -5 + -1244?
-1249
In base 7, what is -1343 + 0?
-1343
In base 15, what is 62 + -5?
5c
In base 9, what is -68 + 16?
-52
In base 15, what is -1 + -e2?
-e3
In base 9, what is -1 - -131?
130
In base 3, what is -10112201 + -100?
-10120001
In base 10, what is 2 - 0?
2
In base 9, what is -27 + 1?
-26
In base 3, what is 2 + 101212?
101221
In base 3, what is 10 + 1202?
1212
In base 9, what is 3 - 2?
1
In base 3, what is 10000 + 11?
10011
In base 11, what is -3369 - 2?
-3370
In base 4, what is -3032 - 2?
-3100
In base 2, what is -11 - 101100?
-101111
In base 10, what is 5 - 91?
-86
In base 16, what is 2f - 344?
-315
In base 11, what is -1159 - -5?
-1154
In base 6, what is 2 + 11131?
11133
In base 5, what is 11 + -2041?
-2030
In base 11, what is -a + -9?
-18
In base 13, what is 8 + 15?
20
In base 2, what is -101 - 11010?
-11111
In base 8, what is 7724 + 1?
7725
In base 5, what is 1221 - -14?
1240
In base 7, what is 54 + 0?
54
In base 8, what is -20 + 11?
-7
In base 8, what is 0 + 145?
145
In base 8, what is -41 + -45?
-106
In base 16, what is -3 - ad?
-b0
In base 16, what is 0 + -4b?
-4b
In base 3, what is -1020 - 1?
-1021
In base 6, what is 5 + 2002?
2011
In base 8, what is -13 + 2?
-11
In base 15, what is 14d + 1c?
16a
In base 6, what is 1 + 122?
123
In base 13, what is -11 - 50?
-61
In base 9, what is -1616 - -12?
-1604
In base 8, what is 31 - -44?
75
In base 4, what is 11 + -10213?
-10202
In base 5, what is -2 - -4102?
4100
In base 8, what is -4 + -1603?
-1607
In base 4, what is 1102 - -12?
1120
In base 14, what is b1 - 59?
56
In base 12, what is 6 + -495?
-48b
In base 8, what is -1125 + -4?
-1131
In base 8, what is -4 + -14?
-20
In base 3, what is -11 - -10101?
10020
In base 9, what is -485 + 5?
-480
In base 9, what is 2 - -3144?
3146
In base 4, what is -1 + 23110?
23103
In base 10, what is -154 - 0?
-154
In base 6, what is -33 - 1451?
-1524
In base 16, what is -d + -31?
-3e
In base 7, what is 1312 + 16?
1331
In base 9, what is -2047 - -12?
-2035
In base 13, what is -4 + 7c?
78
In base 6, what is 13 + -1014?
-1001
In base 15, what is 1d - -2?
20
In base 4, what is -130 + 10?
-120
In base 14, what is 7 + -28?
-21
In base 5, what is -4 + 40?
31
In base 2, what is -101 - 1001011010?
-1001011111
In base 5, what is -4 - 140?
-144
In base 16, what is -54 - 3?
-57
In base 14, what is -3 + 12d?
12a
In base 8, what is -41 + -10?
-51
In base 4, what is -21 - -120202?
120121
In base 16, what is -6 - -36?
30
In base 3, what is -22110102 - 0?
-22110102
In base 16, what is -4 + 4?
0
In base 4, what is -10211 - 2?
-10213
In base 13, what is 68 + 8c?
127
In base 5, what is 1341 - -10?
1401
In base 2, what is -1001100111011001 + -1?
-1001100111011010
In base 2, what is -110 - -1101100?
1100110
In base 2, what is 101 - -1100101?
1101010
In base 10, what is -4 - 32?
-36
In base 13, what is -2 + -124?
-126
In base 7, what is 2 - -140?
142
In base 11, what is -260 - 74?
-324
In base 11, what is 15 + 242?
257
In base 8, what is -320 - -17?
-301
In base 12, what is -3 - 222?
-225
In base 6, what is -1 - -325?
324
In base 12, what is 2926 - 0?
2926
In base 8, what is -13 + 7?
-4
In base 4, what is -13 - 103?
-122
In base 13, what is -283 + 29?
-257
In base 10, what is 18 + -64?
-46
In base 13, what is -26 - -10?
-16
In base 11, what is -3056 - 2?
-3058
In base 8, what is -52 + 1?
-51
In base 15, what is 97 - -5?
9c
In base 7, what is -4 - 212?
-216
In base 10, what is 5 - -24?
29
In base 4, what is 2 + 2201?
2203
In base 2, what is -101001010010 + 1?
-101001010001
In base 8, what is 176 - 2?
174
In base 4, what is -1 + -222?
-223
In base 14, what is -39d + -1?
-3a0
In base 3, what is -110 - 21?
-201
In base 11, what is 5696 - 2?
5694
In base 11, what is 1 - -41?
42
In base 11, what is -25 - -25?
0
In base 7, what is 1441 - -105?
1546
In base 5, what is 3 + 20?
23
In base 3, what is 1010 - 200001?
-121221
In base 14, what is b - -1?
c
In base 2, what is -11010 + -1000?
-100010
In base 13, what is -2a7 + 5?
-2a2
In base 8, what is 2 + -1157?
-1155
In base 6, what is -22032 + -5?
-22041
In base 8, what is 33404 - -3?
33407
In base 5, what is 1043 - 12